s digit of 3207933?
3
What is the tens digit of 287998?
9
What is the tens digit of 576657?
5
What is the ten thousands digit of 187879?
8
What is the units digit of 506426?
6
What is the units digit of 479932?
2
What is the ten thousands digit of 3878345?
7
What is the hundred thousands digit of 421462?
4
What is the tens digit of 30176?
7
What is the hundred thousands digit of 20350218?
3
What is the hundred thousands digit of 7729220?
7
What is the ten thousands digit of 171860?
7
What is the millions digit of 2011629?
2
What is the units digit of 3386772?
2
What is the hundred thousands digit of 15899088?
8
What is the ten thousands digit of 394364?
9
What is the ten thousands digit of 1112552?
1
What is the hundred thousands digit of 1920290?
9
What is the hundred thousands digit of 1111595?
1
What is the thousands digit of 113101?
3
What is the millions digit of 9633737?
9
What is the units digit of 4878656?
6
What is the ten thousands digit of 97861?
9
What is the tens digit of 1449984?
8
What is the hundred thousands digit of 2716779?
7
What is the units digit of 977549?
9
What is the ten thousands digit of 70627?
7
What is the hundred thousands digit of 824860?
8
What is the thousands digit of 43722?
3
What is the millions digit of 6665172?
6
What is the thousands digit of 4083120?
3
What is the hundreds digit of 104107?
1
What is the thousands digit of 231290?
1
What is the hundred thousands digit of 24821058?
8
What is the thousands digit of 487983?
7
What is the tens digit of 88941?
4
What is the hundred thousands digit of 23622873?
6
What is the ten thousands digit of 4378954?
7
What is the units digit of 237657?
7
What is the hundreds digit of 6763794?
7
What is the millions digit of 8580640?
8
What is the ten thousands digit of 1052431?
5
What is the thousands digit of 287693?
7
What is the tens digit of 7561553?
5
What is the millions digit of 4408985?
4
What is the tens digit of 21883874?
7
What is the thousands digit of 1792390?
2
What is the hundred thousands digit of 19186836?
1
What is the tens digit of 607516?
1
What is the hundred thousands digit of 694590?
6
What is the hundreds digit of 280920?
9
What is the hundreds digit of 2475022?
0
What is the hundreds digit of 1801816?
8
What is the thousands digit of 341166?
1
What is the millions digit of 4190994?
4
What is the tens digit of 1068447?
4
What is the millions digit of 1019070?
1
What is the tens digit of 307931?
3
What is the units digit of 13853931?
1
What is the thousands digit of 209939?
9
What is the tens digit of 153934?
3
What is the hundreds digit of 42117?
1
What is the thousands digit of 30962?
0
What is the tens digit of 7645607?
0
What is the ten thousands digit of 79416?
7
What is the ten thousands digit of 4909681?
0
What is the hundred thousands digit of 118921?
1
What is the hundreds digit of 141075?
0
What is the ten thousands digit of 865251?
6
What is the tens digit of 3163557?
5
What is the thousands digit of 498267?
8
What is the hundred thousands digit of 374513?
3
What is the ten thousands digit of 33754?
3
What is the ten thousands digit of 1309612?
0
What is the ten thousands digit of 11596472?
9
What is the units digit of 983581?
1
What is the ten thousands digit of 794562?
9
What is the thousands digit of 1020897?
0
What is the thousands digit of 5294384?
4
What is the hundred thousands digit of 687307?
6
What is the tens digit of 1588232?
3
What is the tens digit of 32505?
0
What is the thousands digit of 5360317?
0
What is the thousands digit of 5057493?
7
What is the hundreds digit of 623627?
6
What is the hundred thousands digit of 2809796?
8
What is the millions digit of 11707378?
1
What is the ten thousands digit of 215468?
1
What is the thousands digit of 8026494?
6
What is the ten millions digit of 16203017?
1
What is the hundreds digit of 74889?
8
What is the thousands digit of 119056?
9
What is the millions digit of 44563022?
4
What is the hundred thousands digit of 220045?
2
What is the units digit of 2162792?
2
What is the units digit of 4130503?
3
What is the tens digit of 23308841?
4
What is the hundreds digit of 13193132?
1
What is the thousands digit of 4963844?
3
What is the thousands digit of 508776?
8
What is the tens digit of 7476186?
8
What is the units digit of 2779177?
7
What is the thousands digit of 33988?
3
What is the units digit of 1706030?
0
What is the tens digit of 13105343?
4
What is the hundreds digit of 1387177?
1
What is the ten thousands digit of 509506?
0
What is the tens digit of 1767145?
4
What is the tens digit of 70030?
3
What is the hundred thousands digit of 291542?
2
What is the ten thousands digit of 12094767?
9
What is the tens digit of 474304?
0
What is the hundred thousands digit of 293653?
2
What is the hundred thousands digit of 2995190?
9
What is the tens digit of 416275?
7
What is the millions digit of 1698129?
1
What is the hundred thousands digit of 717035?
7
What is the tens digit of 2665903?
0
What is the hundred thousands digit of 629693?
6
What is the thousands digit of 54767?
4
What is the millions digit of 12664517?
2
What is the hundreds digit of 118601?
6
What is the thousands digit of 221263?
1
What is the hundreds digit of 15407?
4
What is the hundreds digit of 499140?
1
What is the millions digit of 2051173?
2
What is the thousands digit of 72876?
2
What is the hundreds digit of 172676?
6
What is the ten thousands digit of 96496?
9
What is the thousands digit of 1384911?
4
What is the ten thousands digit of 3359185?
5
What is the units digit of 5987697?
7
What is the hundred thousands digit of 240221?
2
What is the ten thousands digit of 1601091?
0
What is the hundreds digit of 459431?
4
What is the ten thousands digit of 2620201?
2
What is the tens digit of 461245?
4
What is the hundreds digit of 2352858?
8
What is the hundred thousands digit of 918541?
9
What is the tens digit of 1266484?
8
What is the hundreds digit of 23177975?
9
What is the tens digit of 5828212?
1
What is the ten thousands digit of 104288?
0
What is the hundred thousands digit of 18955177?
9
What is the hundreds digit of 20696016?
0
What is the ten millions digit of 19892979?
1
What is the thousands digit of 684869?
4
What is the hundreds digit of 488918?
9
What is the ten thousands digit of 165811?
6
What is the hundred thousands digit of 1868421?
8
What is the thousands digit of 625648?
5
What is the thousands digit of 84305?
4
What is the units digit of 311901?
1
What is the thousands digit of 226212?
6
What is the hundreds digit of 5751184?
1
What is the hundreds digit of 17185073?
0
What is the ten millions digit of 11545562?
1
What is the ten thousands digit of 117953?
1
What is the units digit of 163913?
3
What is the tens digit of 312287?
8
What is the thousands digit of 1432789?
2
What is the units digit of 1414044?
4
What is the millions digit of 12276869?
2
What is the hundreds digit of 4923484?
4
What is the units digit of 730042?
2
What is the hundreds digit of 155128?
1
What is the ten thousands digit of 738046?
3
What is the ten thousands digit of 8284688?
8
What is the hundreds digit of 615078?
0
What is the ten thousands digit of 65617?
6
What is the units digit of 189042?
2
What is the millions digit of 3810658?
3
What is the hundred thousands digit of 652893?
6
What is the tens digit of 96541?
4
What is the tens digit of 3669474?
7
What is the hundred thousands digit of 1933073?
9
What is the tens digit of 981341?
4
What is the tens digit of 224873?
7
What is the tens digit of 202668?
6
What is the hundreds digit of 13741130?
1
What is the ten thousands digit of 1851599?
5
What is the hundreds digit of 88094?
0
What is the ten thousands digit of 23151995?
5
What is the ten thousands digit of 367487?
6
What is the millions digit of 3080381?
3
What is the units digit of 8654675?
5
What is the ten thousands digit of 210163?
1
What is the hundred thousands digit of 244863?
2
What is the hundred thousands digit of 1129042?
1
What is the thousands digit of 110771?
0
What is the tens digit of 7276447?
4
What is the hundreds digit of 3672006?
0
What is the hundreds digit of 2102254?
2
What is the hundreds digit of 10925564?
5
What is the tens digit of 123124?
2
What is the hundred thous